/v + (-2)/(-6) a composite number?
True
Let h(w) = 69*w**2 + 1. Let p be h(-1). Suppose 5*m = -0*m + p. Is m prime?
False
Let h(w) = 3*w**2 + 2*w - 5. Let l(b) = -b - 1. Let z be l(5). Is h(z) composite?
True
Let o(u) = 13*u**3 + u**2 - 3*u + 3*u. Let j be o(1). Suppose -1 = n - z, 4*n + 2*z - 12 - j = 0. Is n a prime number?
False
Let j be -1*1*(-10 - 0). Let f = j + -5. Suppose -2*v = -i + v + 65, 0 = 2*i - f*v - 134. Is i a composite number?
True
Let p(j) = 199*j - 1. Suppose 1 - 16 = -5*l - 5*o, -5*l + 9 = -o. Is p(l) prime?
True
Let o(v) be the first derivative of -v**4/2 - 10*v**3/3 + 11*v**2/2 - 8*v + 7. Is o(-9) a composite number?
False
Suppose 0 = -5*y + 5*f + 1320 + 135, -5*y = -f - 1463. Is y a composite number?
False
Let c be (2489/(-38))/((-2)/4). Suppose 0 = -i - 0*i + c. Is i a prime number?
True
Is 1574*(2/(-6))/((-4)/6) a composite number?
False
Let v(m) = m**3 - 4*m**2 + 4*m - 6. Suppose -5*x - 3*d = d - 8, 0 = -4*d - 12. Let k(c) = -c**2 + 6*c - 4. Let w be k(x). Is v(w) composite?
True
Let v be (-4)/(-6) + 28/21. Suppose -4*o + 349 = 3*a, 3*a - 156 = v*o + 187. Is a composite?
True
Suppose -4 = -n - 4*p + 25, 70 = 5*n + 5*p. Let f(x) = -x + 86. Let o be f(0). Let q = o - n. Is q prime?
False
Let m be 2 - (2 + 0/1). Suppose g = -3*q - m*q + 8, -5*q = 4*g - 4. Suppose 2*f - f - 144 = -q*j, -3*f - 197 = -5*j. Is j composite?
False
Suppose -7*c + c + 1578 = 0. Is c prime?
True
Let z = -22 - -129. Let n = z + -60. Let w = 94 - n. Is w composite?
False
Suppose 0 = -p + z + 202 + 77, -5*z = -2*p + 543. Is p - -5 - (-8)/2 prime?
True
Let g(b) = -b**3 + 4*b**2 - 2*b + 6. Let n be g(4). Is (-512)/(-6) + n/6 a composite number?
True
Suppose -2*g + 2*b = 18, -g + 5 = -4*b + 29. Let m(r) = -2*r**3 - 3*r**2 - 3*r + 3. Is m(g) composite?
True
Let c = -2 - -5. Suppose w + 5*p = 74, 5*p + 340 = 2*w + c*w. Is w a composite number?
True
Let r be (2/3)/((-20)/30). Is 113*(0 + r + 2) a composite number?
False
Suppose -5*f - 4073 = -3*g, 4*g + 1229 = -5*f + 6683. Is g a prime number?
True
Let i = -55 - -29. Let f = i - -57. Is f prime?
True
Suppose -4*v = a + a, -3*a = 4*v. Suppose 2*u + a*u = 12. Is u composite?
True
Let t(s) = s**2 + 2*s + 1. Let a be t(2). Let b(j) = -j**2 + 8*j + 12. Is b(a) composite?
False
Suppose 4*p = -2*g + 5742, -3*g + 0*p + 8610 = 3*p. Is g a composite number?
True
Let k = -98 - -319. Is k composite?
True
Let u = 679 + -426. Is u prime?
False
Suppose 3*s - s = 420. Let a = s - 141. Is a prime?
False
Is -1 + -2 + 1 - -1203 composite?
False
Suppose -2*g - 5*t - 74 = 0, -g - 5*t + 115 = -6*g. Suppose 4*p - 36 = -4*f, -2*p = -f - p + 15. Is (0 - g/f)*4 a composite number?
True
Let t be -5 + (0 + 2 - 0). Is t/6*(-26)/1 prime?
True
Let l be -1869*(-1)/6*4. Let m = -545 + l. Is m composite?
False
Suppose 7*k = 4*k + 4011. Is k a prime number?
False
Suppose -6*m + 6 = -3*m. Suppose 101 = m*j - 161. Is j a prime number?
True
Let f(j) = j - 10. Let d(u) = -u + 10. Let i(g) = 7*d(g) + 6*f(g). Is i(0) a composite number?
True
Suppose 83 = -3*x + 362. Is x a composite number?
True
Let s be (4 - 0) + (-528)/(-6). Let w = 13 + -4. Let o = s - w. Is o a composite number?
False
Suppose -11*t = -9*t - 22. Is t a prime number?
True
Is -255*(2 + 14/(-6)) a composite number?
True
Let x be 2 + 1 + 2 + -2. Let d be -1*(69/x)/(-1). Let w = d - -42. Is w a composite number?
True
Let o(c) be the first derivative of 19/2*c**2 - 1 + c. Is o(4) a prime number?
False
Let q = -3 + -4. Let a(j) = j**3 + 9*j**2 - 7*j. Let b be a(q). Suppose 0 = -0*u - 3*u + b. Is u a composite number?
True
Suppose -4*y - 4 = 3*q, 3*y = 4*q - q + 18. Let l = -8 - -6. Let p = l - q. Is p a composite number?
False
Let m be 44/(-7) + (-2)/(-7). Let z(a) = -3*a - 4. Let h be z(m). Suppose -2*k = 5*i - 43, 4*i - 3*k - 2 - h = 0. Is i a prime number?
True
Let d(q) = -158*q**2 + q - 4. Let s be d(3). Let a = s - -2076. Is a composite?
False
Let a(q) = -q**2 - q + 5. Let d be a(0). Let f(m) = -d*m - 4*m + 2*m**3 - 3*m**3 + 0*m**3 + 1 + 8*m**2. Is f(6) prime?
True
Let p(s) = -s**2 - s + 1. Let c(k) = -75*k**2 - 2*k + 1. Let x(n) = -c(n) + 2*p(n). Is x(-2) composite?
False
Let v = 7 + -6. Let a be (1 - v)/((-8)/4). Is (-1)/((-1)/57) + a composite?
True
Let p = -26 - -370. Suppose 0*k + 3*k - 30 = 0. Is p/k - (-2)/(-5) composite?
True
Let h be (-32)/(-14) + 4/(-14). Let z = -2 - -2. Suppose 0*u = l + 4*u - 29, 3*l + h*u - 137 = z. Is l a prime number?
False
Let j be -2 - -1 - 0 - -10. Suppose -j*h + 951 = -6*h. Is h a composite number?
False
Let v = -4 - -5. Let d(z) be the second derivative of 2*z**3/3 - z**2/2 + z. Is d(v) prime?
True
Let y = 88 + -28. Suppose y = 4*r - 28. Is r prime?
False
Let f be 6/(-4)*(-1 - -3). Let r be (7 + -8)/((-1)/f). Is r/4 + 220/16 a composite number?
False
Suppose 0*m + 2*o + 9 = -m, 0 = -m - 4*o - 17. Is m/2*(-1105 - 1) composite?
True
Suppose 0 = -4*p - m + 9, -2*p + 10 + 17 = 5*m. Let w be (1 - p - -4) + 0. Suppose -w*b - 5*o = -528, 2*b + 3*o = -0*o + 266. Is b composite?
False
Is 1 - (-266 + (-2)/(-1)) prime?
False
Suppose 2*t - 168 = -0. Suppose 1 + t = q. Is q prime?
False
Suppose 6*r = r + 5295. Is r a composite number?
True
Is 614/8 + (-3)/(-12) composite?
True
Suppose 0 = 5*w + p - 0*p - 16, 4*w + 2*p = 14. Suppose 0*i = -w*i + 27. Is (894/i)/(2/3) a composite number?
False
Let j(l) = 10*l**2 + l + 5. Is j(-4) composite?
True
Suppose -2*j + 285 = 3*j - 3*z, 4*j + 3*z - 201 = 0. Let f = j - 32. Is f composite?
True
Let d be ((-48)/10)/(2/(-10)). Suppose -3*m + d = -m. Is 6/m*2*89 a prime number?
True
Let g = 15 - -8. Is g composite?
False
Let h(q) = -q + 3. Let s be h(-3). Let f be (0 - -2)/(3/s). Suppose y - 356 = -f*m + 2*y, 3*m + y = 267. Is m a composite number?
False
Is ((-87)/58)/(6/(-3628)) a composite number?
False
Is 18/(-27)*(0 - 21) composite?
True
Is -4 - -1 - 28/(-2) a composite number?
False
Suppose 1739 = 3*x - 3802. Is x a prime number?
True
Suppose -4*l - 3*w = -325, -2*l + 21 + 140 = w. Is l a prime number?
True
Suppose -5*b - 2*i + 4*i = -1461, -3*i = 9. Is b a prime number?
False
Suppose 5*i - 5*f - 1075 = 0, f - 207 = -2*i + i. Is i a prime number?
True
Let n(c) = 15*c**3 - 2*c**2 + 3*c + 3. Is n(4) composite?
True
Let a(u) = 4*u**2 + 3*u**2 + 4*u - 2*u**2 - 6. Is a(-7) composite?
False
Suppose n + 22 = -0*n - 5*i, 17 = -n - 4*i. Suppose -4*b + 0*f + 55 = -3*f, -n*f + 35 = 5*b. Is b prime?
False
Suppose 2*g = 781 - 175. Is g composite?
True
Let r be -1 + 590/(2 - 4). Let b be -2 - (-1 - -1) - r. Is (2/(-3))/((-4)/b) composite?
True
Let c(w) = -9*w - 1. Let x = -15 - -9. Is c(x) a composite number?
False
Suppose -4*f = 20, 6*d + 2*f + 700 = d. Let g = d + 231. Is g a prime number?
False
Let k(g) = 2*g**2. Let m be 36/(-28) + (-2)/(-7). Let a be k(m). Is 1*(53 - -1*a) a prime number?
False
Let n(f) = f**3 + 9*f**2 - f + 5. Let w be n(-9). Is (-5)/(10/w)*-233 a composite number?
True
Let t(b) = 2*b**3 + b**2 + 3*b + 2. Let r be t(-1). Let f be (-29)/1 + 3/(-3). Is (-78)/f - r/5 prime?
True
Let l be (-2)/3 - 56/(-21). Let g be l + 3 + -5 + 195. Suppose -5*v + g = -2*v. Is v composite?
True
Let d(t) = -10*t - 4*t**2 + t**3 + 1 - t**2 + 5. Suppose -43 = -5*l + 2*a, -5*l + 0*l + 3*a + 47 = 0. Is d(l) a prime number?
False
Suppose -50 + 3 = 3*z + x, 2*z + 35 = 3*x. Let k = 86 + z. Suppose 0 = -2*j + 36 + k. Is j a composite number?
False
Suppose -3 - 6 = -3*t. Let g(f) = -13*f - 2*f + t - f. Is g(-7) a composite number?
True
Let x(a) = -8 - 49*a - 9*a + 10. Let g be x(-2). Let h = -31 + g. Is h a composite number?
True
Is (-1)/((-4)/(1 + 9747)) a prime number?
True
Suppose -4*r + w - 15 = 0, w + 0 + 5 = -r. Let n = 27 + r. Is n prime?
True
Is -111*74/(-14) - (-4)/14 prime?
True
Let d = -26 + 727. Is d composite?
False
Let t = -5 - -17. Let v = 8 + -2. Is 542/v - (-8)/t a prime number?
False
Suppose -i + 6 = 2*k, -2*i = -k - k - 6. Is -2*((-442)/i - 1) composite?
False
Let i = -24 - -16. Is ((-12)/i + -2)*-170 composite?
True
Let k be (-43)/(-9) + (-2)/(-9). Suppose -454 = k*x - 119. Let d = 116 + x. Is d prime?
False
Let h = -604 - -180. Is (h/12)/((-4)/6) composite?
False
Let z(k) = -k**3 - 11*k**2 + k + 15. Let y be z(-11). Suppose -162 = -y*d + 98. Let o = -27 + d. Is o a composite number?
True
Suppose 0*w = 5*w + 1